{"id":24369,"date":"2021-11-11T09:14:40","date_gmt":"2021-11-11T14:14:40","guid":{"rendered":"https:\/\/www.hallco.org\/web\/?page_id=24369"},"modified":"2024-04-16T10:17:00","modified_gmt":"2024-04-16T14:17:00","slug":"using-ride-360","status":"publish","type":"page","link":"https:\/\/www.hallco.org\/web\/using-ride-360\/","title":{"rendered":"Using Ride 360"},"content":{"rendered":"<div id='full_slider_1'  class='avia-fullwidth-slider main_color avia-shadow   avia-builder-el-0  el_before_av_heading  avia-builder-el-first   container_wrap sidebar_left'  ><div  class='avia-slideshow av-16nd5m9-45f746f649b4b750d38475633e4707cb avia-slideshow-featured av_slideshow_full avia-fade-slider av-slideshow-ui av-control-default av-slideshow-manual av-loop-once av-loop-manual-endless av-default-height-applied   avia-slideshow-1' data-slideshow-options=\"{&quot;animation&quot;:&quot;fade&quot;,&quot;autoplay&quot;:false,&quot;loop_autoplay&quot;:&quot;once&quot;,&quot;interval&quot;:5,&quot;loop_manual&quot;:&quot;manual-endless&quot;,&quot;autoplay_stopper&quot;:false,&quot;noNavigation&quot;:false,&quot;bg_slider&quot;:false,&quot;keep_padding&quot;:false,&quot;hoverpause&quot;:false,&quot;show_slide_delay&quot;:0}\" ><ul class='avia-slideshow-inner ' style='padding-bottom: 12.820512820513%;'><li  class='avia-slideshow-slide av-16nd5m9-45f746f649b4b750d38475633e4707cb__0  av-single-slide slide-1 slide-odd'><div data-rel='slideshow-1' class='avia-slide-wrap '   ><div class='av-slideshow-caption av-16nd5m9-45f746f649b4b750d38475633e4707cb__0 caption_fullwidth caption_right caption_right_framed caption_framed'><div class=\"container caption_container\"><div class=\"slideshow_caption\"><div class=\"slideshow_inner_caption\"><div class=\"slideshow_align_caption\"><h2 class='avia-caption-title ' >Transportation<\/h2><\/div><\/div><\/div><\/div><\/div><img decoding=\"async\" fetchpriority=\"high\" class=\"wp-image-5514 avia-img-lazy-loading-not-5514 lazyload\" src=\"data:image\/gif;base64,R0lGODlhAQABAAAAACH5BAEKAAEALAAAAAABAAEAAAICTAEAOw==\" width=\"1170\" height=\"150\" title=\"Transportation_Header\" alt=\"Buses\" sizes=\"(max-width: 1170px) 100vw, 1170px\" data-src=\"https:\/\/www.hallco.org\/web\/wp-content\/uploads\/2017\/10\/Transportation_Header.jpg\" data-srcset=\"https:\/\/www.hallco.org\/web\/wp-content\/uploads\/2017\/10\/Transportation_Header.jpg 1170w, https:\/\/www.hallco.org\/web\/wp-content\/uploads\/2017\/10\/Transportation_Header-300x38.jpg 300w, https:\/\/www.hallco.org\/web\/wp-content\/uploads\/2017\/10\/Transportation_Header-768x98.jpg 768w, https:\/\/www.hallco.org\/web\/wp-content\/uploads\/2017\/10\/Transportation_Header-1030x132.jpg 1030w, https:\/\/www.hallco.org\/web\/wp-content\/uploads\/2017\/10\/Transportation_Header-800x103.jpg 800w, https:\/\/www.hallco.org\/web\/wp-content\/uploads\/2017\/10\/Transportation_Header-705x90.jpg 705w, https:\/\/www.hallco.org\/web\/wp-content\/uploads\/2017\/10\/Transportation_Header-450x58.jpg 450w\"><\/div><\/li><\/ul><\/div><\/div><div id='after_full_slider_1'  class='main_color av_default_container_wrap container_wrap sidebar_left'  ><div class='container av-section-cont-open' ><div class='template-page content  av-content-small units'><div class='post-entry post-entry-type-page post-entry-24369'><div class='entry-content-wrapper clearfix'>\n\n<style type=\"text\/css\" data-created_by=\"avia_inline_auto\" id=\"style-css-av-kz5wdfnd-8e0e7fbd8d82b0b7264de05c94c9858d\">\n#top .av-special-heading.av-kz5wdfnd-8e0e7fbd8d82b0b7264de05c94c9858d{\npadding-bottom:10px;\n}\nbody .av-special-heading.av-kz5wdfnd-8e0e7fbd8d82b0b7264de05c94c9858d .av-special-heading-tag .heading-char{\nfont-size:25px;\n}\n.av-special-heading.av-kz5wdfnd-8e0e7fbd8d82b0b7264de05c94c9858d .av-subheading{\nfont-size:15px;\n}\n<\/style>\n<div  class='av-special-heading av-kz5wdfnd-8e0e7fbd8d82b0b7264de05c94c9858d av-special-heading-h2  avia-builder-el-1  el_after_av_slideshow_full  el_before_av_textblock  avia-builder-el-first '><h2 class='av-special-heading-tag '  >Parent App<\/h2><div class=\"special-heading-border\"><div class=\"special-heading-inner-border\"><\/div><\/div><\/div>\n<section  class='av_textblock_section av-kz5wd4a7-ac7677daa61822b2ef6ff341fe160a0b '  ><div class='avia_textblock' ><p>With the Traversa My Ride K12 mobile app, parents and students can conveniently access their bus stop location, route, and pick-up time. One parent or guardian sets up the original account and has the ability to share it with others, making the process even more convenient.<\/p>\n<\/div><\/section>\n\n<style type=\"text\/css\" data-created_by=\"avia_inline_auto\" id=\"style-css-av-kvv0tmo1-80dff84cbef02a6a24b4b20b3c067633\">\n#top .av-special-heading.av-kvv0tmo1-80dff84cbef02a6a24b4b20b3c067633{\npadding-bottom:10px;\n}\nbody .av-special-heading.av-kvv0tmo1-80dff84cbef02a6a24b4b20b3c067633 .av-special-heading-tag .heading-char{\nfont-size:25px;\n}\n.av-special-heading.av-kvv0tmo1-80dff84cbef02a6a24b4b20b3c067633 .av-subheading{\nfont-size:15px;\n}\n<\/style>\n<div  class='av-special-heading av-kvv0tmo1-80dff84cbef02a6a24b4b20b3c067633 av-special-heading-h2  avia-builder-el-3  el_after_av_textblock  el_before_av_textblock '><h2 class='av-special-heading-tag '  >Traversa Ride K12- Phone App &#8211; Parent Access<\/h2><div class=\"special-heading-border\"><div class=\"special-heading-inner-border\"><\/div><\/div><\/div>\n<section  class='av_textblock_section av-kvv0xrwb-4449ca6df4a6a751839c9147272dac5a '  ><div class='avia_textblock' ><p>1. Download the Traversa My RideK12 App from your App Store<\/p>\n<p><img loading=\"lazy\" decoding=\"async\" class=\"size-full wp-image-31263 alignnone lazyload\" src=\"data:image\/gif;base64,R0lGODlhAQABAAAAACH5BAEKAAEALAAAAAABAAEAAAICTAEAOw==\" alt=\"\" width=\"177\" height=\"180\" sizes=\"auto, (max-width: 177px) 100vw, 177px\" data-src=\"https:\/\/www.hallco.org\/web\/wp-content\/uploads\/2024\/04\/Picture1.png\" data-srcset=\"https:\/\/www.hallco.org\/web\/wp-content\/uploads\/2024\/04\/Picture1.png 177w, https:\/\/www.hallco.org\/web\/wp-content\/uploads\/2024\/04\/Picture1-80x80.png 80w, https:\/\/www.hallco.org\/web\/wp-content\/uploads\/2024\/04\/Picture1-36x36.png 36w\"><\/p>\n<p>2. Open the My Ride K-12.<\/p>\n<p>3. Select Allow for the app to send you notifications<\/p>\n<p>4. At the following screen, you can either click on login or sign up. If you already have a Ride 360 username and password, you can log in with those credentials, and no further action is necessary. If not, click sign up to continue with your registration.<\/p>\n<p><img loading=\"lazy\" decoding=\"async\" class=\" wp-image-31272 alignnone\" src=\"https:\/\/www.hallco.org\/web\/wp-content\/uploads\/2024\/04\/Picture2.png\" alt=\"\" width=\"421\" height=\"587\" srcset=\"https:\/\/www.hallco.org\/web\/wp-content\/uploads\/2024\/04\/Picture2.png 513w, https:\/\/www.hallco.org\/web\/wp-content\/uploads\/2024\/04\/Picture2-215x300.png 215w, https:\/\/www.hallco.org\/web\/wp-content\/uploads\/2024\/04\/Picture2-506x705.png 506w\" sizes=\"auto, (max-width: 421px) 100vw, 421px\" \/><\/p>\n<p>5. Find your School District:<\/p>\n<p style=\"padding-left: 40px;\"><strong><img loading=\"lazy\" decoding=\"async\" class=\"alignnone wp-image-31079 lazyload\" src=\"data:image\/gif;base64,R0lGODlhAQABAAAAACH5BAEKAAEALAAAAAABAAEAAAICTAEAOw==\" alt=\"\" width=\"47\" height=\"47\" sizes=\"auto, (max-width: 47px) 100vw, 47px\" data-src=\"https:\/\/www.hallco.org\/web\/wp-content\/uploads\/2024\/02\/Picture1-80x80.png\" data-srcset=\"https:\/\/www.hallco.org\/web\/wp-content\/uploads\/2024\/02\/Picture1-80x80.png 80w, https:\/\/www.hallco.org\/web\/wp-content\/uploads\/2024\/02\/Picture1-36x36.png 36w\">Hall County School District<\/strong><\/p>\n<p>6. Click on NEXT. A verification code will be sent to the email you signed up with<\/p>\n<p>7. At the Next Screen, click on Add student<\/p>\n<p><img loading=\"lazy\" decoding=\"async\" class=\"alignnone size-full wp-image-31271 lazyload\" src=\"data:image\/gif;base64,R0lGODlhAQABAAAAACH5BAEKAAEALAAAAAABAAEAAAICTAEAOw==\" alt=\"\" width=\"638\" height=\"378\" sizes=\"auto, (max-width: 638px) 100vw, 638px\" data-src=\"https:\/\/www.hallco.org\/web\/wp-content\/uploads\/2024\/04\/Picture3.jpg\" data-srcset=\"https:\/\/www.hallco.org\/web\/wp-content\/uploads\/2024\/04\/Picture3.jpg 638w, https:\/\/www.hallco.org\/web\/wp-content\/uploads\/2024\/04\/Picture3-300x178.jpg 300w\"><\/p>\n<p>8. Enter Student\u2019s ID<br \/>\n9. Enter the Student&#8217;s Date of birth; once done you will have the choice to add another student or go back to the student information<\/p>\n<p><img loading=\"lazy\" decoding=\"async\" class=\"alignnone size-full wp-image-31270 lazyload\" src=\"data:image\/gif;base64,R0lGODlhAQABAAAAACH5BAEKAAEALAAAAAABAAEAAAICTAEAOw==\" alt=\"\" width=\"589\" height=\"546\" sizes=\"auto, (max-width: 589px) 100vw, 589px\" data-src=\"https:\/\/www.hallco.org\/web\/wp-content\/uploads\/2024\/04\/Picture4.jpg\" data-srcset=\"https:\/\/www.hallco.org\/web\/wp-content\/uploads\/2024\/04\/Picture4.jpg 589w, https:\/\/www.hallco.org\/web\/wp-content\/uploads\/2024\/04\/Picture4-300x278.jpg 300w\"><\/p>\n<p>If you click on first tab, you can share your student information with another user<\/p>\n<p><img loading=\"lazy\" decoding=\"async\" class=\"alignnone size-full wp-image-31269 lazyload\" src=\"data:image\/gif;base64,R0lGODlhAQABAAAAACH5BAEKAAEALAAAAAABAAEAAAICTAEAOw==\" alt=\"\" width=\"534\" height=\"247\" sizes=\"auto, (max-width: 534px) 100vw, 534px\" data-src=\"https:\/\/www.hallco.org\/web\/wp-content\/uploads\/2024\/04\/Picture5.jpg\" data-srcset=\"https:\/\/www.hallco.org\/web\/wp-content\/uploads\/2024\/04\/Picture5.jpg 534w, https:\/\/www.hallco.org\/web\/wp-content\/uploads\/2024\/04\/Picture5-300x139.jpg 300w\"><\/p>\n<p>If you click on the middle tab, you will be able to see the route information and bus location<\/p>\n<p><img loading=\"lazy\" decoding=\"async\" class=\"alignnone size-full wp-image-31268 lazyload\" src=\"data:image\/gif;base64,R0lGODlhAQABAAAAACH5BAEKAAEALAAAAAABAAEAAAICTAEAOw==\" alt=\"\" width=\"534\" height=\"247\" sizes=\"auto, (max-width: 534px) 100vw, 534px\" data-src=\"https:\/\/www.hallco.org\/web\/wp-content\/uploads\/2024\/04\/Picture6.jpg\" data-srcset=\"https:\/\/www.hallco.org\/web\/wp-content\/uploads\/2024\/04\/Picture6.jpg 534w, https:\/\/www.hallco.org\/web\/wp-content\/uploads\/2024\/04\/Picture6-300x139.jpg 300w\"><\/p>\n<p>If you click on the third tab, this tab will display your child\u2019s student information<\/p>\n<p><img loading=\"lazy\" decoding=\"async\" class=\"alignnone size-full wp-image-31267 lazyload\" src=\"data:image\/gif;base64,R0lGODlhAQABAAAAACH5BAEKAAEALAAAAAABAAEAAAICTAEAOw==\" alt=\"\" width=\"534\" height=\"247\" sizes=\"auto, (max-width: 534px) 100vw, 534px\" data-src=\"https:\/\/www.hallco.org\/web\/wp-content\/uploads\/2024\/04\/Picture7.jpg\" data-srcset=\"https:\/\/www.hallco.org\/web\/wp-content\/uploads\/2024\/04\/Picture7.jpg 534w, https:\/\/www.hallco.org\/web\/wp-content\/uploads\/2024\/04\/Picture7-300x139.jpg 300w\"><\/p>\n<p><strong>If you need any further assistance you can always email us at <a href=\"mailto:bushelp@hallco.org\">bushelp@hallco.org<\/a> or call us at 7702870942 x2<\/strong><\/p>\n<p><strong>NOTE: You must stay logged into the App to Receive Push Notifications<\/strong><\/p>\n<\/div><\/section>\n<div  class='hr av-kw28u4ok-0477c08dd07a8f5b8d1ac532678cfee4 hr-default  avia-builder-el-5  el_after_av_textblock  el_before_av_textblock '><span class='hr-inner '><span class=\"hr-inner-style\"><\/span><\/span><\/div>\n<section  class='av_textblock_section av-ltrahhec-a6eb9b22225f1308a5730b137c115e95 '  ><div class='avia_textblock' ><p>Con la aplicaci\u00f3n m\u00f3vil Traversa My Ride K12, padres y estudiantes pueden acceder convenientemente a su parada de autob\u00fas, ruta y hora de recogida. Un padre o tutor crea la cuenta original y tiene la capacidad de compartirla con otros, lo que hace que el proceso sea a\u00fan m\u00e1s conveniente.<\/p>\n<p>Traversa My Ride K12 &#8211; Aplicaci\u00f3n telef\u00f3nica &#8211; Acceso parental<\/p>\n<p>1. Descargue la aplicaci\u00f3n Traversa My RideK12 de su App Store<\/p>\n<p><img loading=\"lazy\" decoding=\"async\" class=\"alignnone size-full wp-image-31263 lazyload\" src=\"data:image\/gif;base64,R0lGODlhAQABAAAAACH5BAEKAAEALAAAAAABAAEAAAICTAEAOw==\" alt=\"\" width=\"177\" height=\"180\" sizes=\"auto, (max-width: 177px) 100vw, 177px\" data-src=\"https:\/\/www.hallco.org\/web\/wp-content\/uploads\/2024\/04\/Picture1.png\" data-srcset=\"https:\/\/www.hallco.org\/web\/wp-content\/uploads\/2024\/04\/Picture1.png 177w, https:\/\/www.hallco.org\/web\/wp-content\/uploads\/2024\/04\/Picture1-80x80.png 80w, https:\/\/www.hallco.org\/web\/wp-content\/uploads\/2024\/04\/Picture1-36x36.png 36w\"><\/p>\n<p>2. Abra la applicacion My Ride K-12.<\/p>\n<p>3. Seleccione Permitir que la aplicaci\u00f3n le env\u00ede notificaciones<\/p>\n<p>4. En la siguiente pantalla, puede hacer clic en el inicio de sesi\u00f3n (Login) o registrarse. Si ya tiene un nombre de usuario y contrase\u00f1a de Ride 360, puede iniciar sesi\u00f3n con esas credenciales, y no es necesaria ninguna acci\u00f3n adicional. Si no, haga clic en Registro para continuar con su registro.<\/p>\n<p><img loading=\"lazy\" decoding=\"async\" class=\"alignnone wp-image-31266 lazyload\" src=\"data:image\/gif;base64,R0lGODlhAQABAAAAACH5BAEKAAEALAAAAAABAAEAAAICTAEAOw==\" alt=\"\" width=\"449\" height=\"626\" sizes=\"auto, (max-width: 449px) 100vw, 449px\" data-src=\"https:\/\/www.hallco.org\/web\/wp-content\/uploads\/2024\/04\/Picture8.png\" data-srcset=\"https:\/\/www.hallco.org\/web\/wp-content\/uploads\/2024\/04\/Picture8.png 513w, https:\/\/www.hallco.org\/web\/wp-content\/uploads\/2024\/04\/Picture8-215x300.png 215w, https:\/\/www.hallco.org\/web\/wp-content\/uploads\/2024\/04\/Picture8-506x705.png 506w\"><\/p>\n<p>5. Encuentra tu distrito escolar: Hall County School District<\/p>\n<p><strong><img loading=\"lazy\" decoding=\"async\" class=\"alignnone wp-image-31079 lazyload\" src=\"data:image\/gif;base64,R0lGODlhAQABAAAAACH5BAEKAAEALAAAAAABAAEAAAICTAEAOw==\" alt=\"\" width=\"56\" height=\"54\" sizes=\"auto, (max-width: 56px) 100vw, 56px\" data-src=\"https:\/\/www.hallco.org\/web\/wp-content\/uploads\/2024\/02\/Picture1.png\" data-srcset=\"https:\/\/www.hallco.org\/web\/wp-content\/uploads\/2024\/02\/Picture1.png 91w, https:\/\/www.hallco.org\/web\/wp-content\/uploads\/2024\/02\/Picture1-36x36.png 36w\">Hall County School District<\/strong><\/p>\n<p>6. Haga clic en Siguiente. Se le enviar\u00e1 un c\u00f3digo de verificaci\u00f3n al correo electr\u00f3nico con el que se haya suscrito<\/p>\n<p><img loading=\"lazy\" decoding=\"async\" class=\"alignnone size-full wp-image-31265 lazyload\" src=\"data:image\/gif;base64,R0lGODlhAQABAAAAACH5BAEKAAEALAAAAAABAAEAAAICTAEAOw==\" alt=\"\" width=\"504\" height=\"629\" sizes=\"auto, (max-width: 504px) 100vw, 504px\" data-src=\"https:\/\/www.hallco.org\/web\/wp-content\/uploads\/2024\/04\/Picture9.png\" data-srcset=\"https:\/\/www.hallco.org\/web\/wp-content\/uploads\/2024\/04\/Picture9.png 504w, https:\/\/www.hallco.org\/web\/wp-content\/uploads\/2024\/04\/Picture9-240x300.png 240w\"><\/p>\n<p>7. En la pantalla siguiente, haga clic en A\u00f1adir estudiante (ADD STUDENT)<\/p>\n<p><img loading=\"lazy\" decoding=\"async\" class=\"alignnone size-full wp-image-31264 lazyload\" src=\"data:image\/gif;base64,R0lGODlhAQABAAAAACH5BAEKAAEALAAAAAABAAEAAAICTAEAOw==\" alt=\"\" width=\"638\" height=\"378\" sizes=\"auto, (max-width: 638px) 100vw, 638px\" data-src=\"https:\/\/www.hallco.org\/web\/wp-content\/uploads\/2024\/04\/Picture10.jpg\" data-srcset=\"https:\/\/www.hallco.org\/web\/wp-content\/uploads\/2024\/04\/Picture10.jpg 638w, https:\/\/www.hallco.org\/web\/wp-content\/uploads\/2024\/04\/Picture10-300x178.jpg 300w\"><\/p>\n<p>8. Introduzca el numero de su estudiante<\/p>\n<p>9. Introduzca la fecha de nacimiento del estudiante; una vez terminado, tendr\u00e1 la opci\u00f3n de a\u00f1adir otro estudiante o volver a la informaci\u00f3n de los estudiantes<\/p>\n<p><img loading=\"lazy\" decoding=\"async\" class=\"alignnone size-full wp-image-31270 lazyload\" src=\"data:image\/gif;base64,R0lGODlhAQABAAAAACH5BAEKAAEALAAAAAABAAEAAAICTAEAOw==\" alt=\"\" width=\"589\" height=\"546\" sizes=\"auto, (max-width: 589px) 100vw, 589px\" data-src=\"https:\/\/www.hallco.org\/web\/wp-content\/uploads\/2024\/04\/Picture4.jpg\" data-srcset=\"https:\/\/www.hallco.org\/web\/wp-content\/uploads\/2024\/04\/Picture4.jpg 589w, https:\/\/www.hallco.org\/web\/wp-content\/uploads\/2024\/04\/Picture4-300x278.jpg 300w\"><\/p>\n<p>Si hace clic en esta pesta\u00f1a, puede compartir su informaci\u00f3n de estudiante con otro usuario<\/p>\n<p><img loading=\"lazy\" decoding=\"async\" class=\"alignnone size-full wp-image-31269 lazyload\" src=\"data:image\/gif;base64,R0lGODlhAQABAAAAACH5BAEKAAEALAAAAAABAAEAAAICTAEAOw==\" alt=\"\" width=\"534\" height=\"247\" sizes=\"auto, (max-width: 534px) 100vw, 534px\" data-src=\"https:\/\/www.hallco.org\/web\/wp-content\/uploads\/2024\/04\/Picture5.jpg\" data-srcset=\"https:\/\/www.hallco.org\/web\/wp-content\/uploads\/2024\/04\/Picture5.jpg 534w, https:\/\/www.hallco.org\/web\/wp-content\/uploads\/2024\/04\/Picture5-300x139.jpg 300w\"><\/p>\n<p>Si hace clic en la pesta\u00f1a central, podr\u00e1 ver la informaci\u00f3n de la ruta y la ubicaci\u00f3n del autob\u00fas<\/p>\n<p><img loading=\"lazy\" decoding=\"async\" class=\"alignnone size-full wp-image-31268 lazyload\" src=\"data:image\/gif;base64,R0lGODlhAQABAAAAACH5BAEKAAEALAAAAAABAAEAAAICTAEAOw==\" alt=\"\" width=\"534\" height=\"247\" sizes=\"auto, (max-width: 534px) 100vw, 534px\" data-src=\"https:\/\/www.hallco.org\/web\/wp-content\/uploads\/2024\/04\/Picture6.jpg\" data-srcset=\"https:\/\/www.hallco.org\/web\/wp-content\/uploads\/2024\/04\/Picture6.jpg 534w, https:\/\/www.hallco.org\/web\/wp-content\/uploads\/2024\/04\/Picture6-300x139.jpg 300w\"><\/p>\n<p>Si hace clic en la tercera pesta\u00f1a, esta pesta\u00f1a mostrar\u00e1 la informaci\u00f3n del estudiante de su hijo<\/p>\n<p><img loading=\"lazy\" decoding=\"async\" class=\"alignnone size-full wp-image-31267 lazyload\" src=\"data:image\/gif;base64,R0lGODlhAQABAAAAACH5BAEKAAEALAAAAAABAAEAAAICTAEAOw==\" alt=\"\" width=\"534\" height=\"247\" sizes=\"auto, (max-width: 534px) 100vw, 534px\" data-src=\"https:\/\/www.hallco.org\/web\/wp-content\/uploads\/2024\/04\/Picture7.jpg\" data-srcset=\"https:\/\/www.hallco.org\/web\/wp-content\/uploads\/2024\/04\/Picture7.jpg 534w, https:\/\/www.hallco.org\/web\/wp-content\/uploads\/2024\/04\/Picture7-300x139.jpg 300w\"><\/p>\n<p><strong>Si necesita m\u00e1s asistencia siempre puede enviarnos un correo electr\u00f3nico a <a href=\"mailto:bushelp@hallco.org\">bushelp@hallco.org<\/a> o llamarnos al 7702870942 x2 <\/strong><\/p>\n<p><strong>NOTA: Debe permanecer conectado a la aplicaci\u00f3n para recibir notificaciones push<\/strong><\/p>\n<\/div><\/section>\n","protected":false},"excerpt":{"rendered":"","protected":false},"author":8,"featured_media":0,"parent":0,"menu_order":0,"comment_status":"closed","ping_status":"closed","template":"","meta":{"_monsterinsights_skip_tracking":false,"_monsterinsights_sitenote_active":false,"_monsterinsights_sitenote_note":"","_monsterinsights_sitenote_category":0,"footnotes":""},"class_list":["post-24369","page","type-page","status-publish","hentry"],"yoast_head":"<!-- This site is optimized with the Yoast SEO plugin v27.3 - https:\/\/yoast.com\/product\/yoast-seo-wordpress\/ -->\n<title>Using Ride 360 - Hall County Schools<\/title>\n<meta name=\"robots\" content=\"index, follow, max-snippet:-1, max-image-preview:large, max-video-preview:-1\" \/>\n<link rel=\"canonical\" href=\"https:\/\/www.hallco.org\/web\/using-ride-360\/\" \/>\n<meta property=\"og:locale\" content=\"en_US\" \/>\n<meta property=\"og:type\" content=\"article\" \/>\n<meta property=\"og:title\" content=\"Using Ride 360 - Hall County Schools\" \/>\n<meta property=\"og:url\" content=\"https:\/\/www.hallco.org\/web\/using-ride-360\/\" \/>\n<meta property=\"og:site_name\" content=\"Hall County Schools\" \/>\n<meta property=\"article:publisher\" content=\"https:\/\/www.facebook.com\/hallcountyschools\/\" \/>\n<meta property=\"article:modified_time\" content=\"2024-04-16T14:17:00+00:00\" \/>\n<meta property=\"og:image\" content=\"https:\/\/www.hallco.org\/web\/wp-content\/uploads\/2024\/04\/Picture1.png\" \/>\n<meta name=\"twitter:card\" content=\"summary_large_image\" \/>\n<meta name=\"twitter:site\" content=\"@Hall_Schools\" \/>\n<meta name=\"twitter:label1\" content=\"Est. reading time\" \/>\n\t<meta name=\"twitter:data1\" content=\"7 minutes\" \/>\n<script type=\"application\/ld+json\" class=\"yoast-schema-graph\">{\"@context\":\"https:\\\/\\\/schema.org\",\"@graph\":[{\"@type\":\"WebPage\",\"@id\":\"https:\\\/\\\/www.hallco.org\\\/web\\\/using-ride-360\\\/\",\"url\":\"https:\\\/\\\/www.hallco.org\\\/web\\\/using-ride-360\\\/\",\"name\":\"Using Ride 360 - Hall County Schools\",\"isPartOf\":{\"@id\":\"https:\\\/\\\/www.hallco.org\\\/web\\\/#website\"},\"primaryImageOfPage\":{\"@id\":\"https:\\\/\\\/www.hallco.org\\\/web\\\/using-ride-360\\\/#primaryimage\"},\"image\":{\"@id\":\"https:\\\/\\\/www.hallco.org\\\/web\\\/using-ride-360\\\/#primaryimage\"},\"thumbnailUrl\":\"https:\\\/\\\/www.hallco.org\\\/web\\\/wp-content\\\/uploads\\\/2024\\\/04\\\/Picture1.png\",\"datePublished\":\"2021-11-11T14:14:40+00:00\",\"dateModified\":\"2024-04-16T14:17:00+00:00\",\"breadcrumb\":{\"@id\":\"https:\\\/\\\/www.hallco.org\\\/web\\\/using-ride-360\\\/#breadcrumb\"},\"inLanguage\":\"en-US\",\"potentialAction\":[{\"@type\":\"ReadAction\",\"target\":[\"https:\\\/\\\/www.hallco.org\\\/web\\\/using-ride-360\\\/\"]}]},{\"@type\":\"ImageObject\",\"inLanguage\":\"en-US\",\"@id\":\"https:\\\/\\\/www.hallco.org\\\/web\\\/using-ride-360\\\/#primaryimage\",\"url\":\"https:\\\/\\\/www.hallco.org\\\/web\\\/wp-content\\\/uploads\\\/2024\\\/04\\\/Picture1.png\",\"contentUrl\":\"https:\\\/\\\/www.hallco.org\\\/web\\\/wp-content\\\/uploads\\\/2024\\\/04\\\/Picture1.png\",\"width\":177,\"height\":180},{\"@type\":\"BreadcrumbList\",\"@id\":\"https:\\\/\\\/www.hallco.org\\\/web\\\/using-ride-360\\\/#breadcrumb\",\"itemListElement\":[{\"@type\":\"ListItem\",\"position\":1,\"name\":\"Home\",\"item\":\"https:\\\/\\\/www.hallco.org\\\/web\\\/homepage\\\/\"},{\"@type\":\"ListItem\",\"position\":2,\"name\":\"Using Ride 360\"}]},{\"@type\":\"WebSite\",\"@id\":\"https:\\\/\\\/www.hallco.org\\\/web\\\/#website\",\"url\":\"https:\\\/\\\/www.hallco.org\\\/web\\\/\",\"name\":\"Hall County Schools\",\"description\":\"The Most Caring Place On Earth\",\"potentialAction\":[{\"@type\":\"SearchAction\",\"target\":{\"@type\":\"EntryPoint\",\"urlTemplate\":\"https:\\\/\\\/www.hallco.org\\\/web\\\/?s={search_term_string}\"},\"query-input\":{\"@type\":\"PropertyValueSpecification\",\"valueRequired\":true,\"valueName\":\"search_term_string\"}}],\"inLanguage\":\"en-US\"}]}<\/script>\n<!-- \/ Yoast SEO plugin. -->","yoast_head_json":{"title":"Using Ride 360 - Hall County Schools","robots":{"index":"index","follow":"follow","max-snippet":"max-snippet:-1","max-image-preview":"max-image-preview:large","max-video-preview":"max-video-preview:-1"},"canonical":"https:\/\/www.hallco.org\/web\/using-ride-360\/","og_locale":"en_US","og_type":"article","og_title":"Using Ride 360 - Hall County Schools","og_url":"https:\/\/www.hallco.org\/web\/using-ride-360\/","og_site_name":"Hall County Schools","article_publisher":"https:\/\/www.facebook.com\/hallcountyschools\/","article_modified_time":"2024-04-16T14:17:00+00:00","og_image":[{"url":"https:\/\/www.hallco.org\/web\/wp-content\/uploads\/2024\/04\/Picture1.png","type":"","width":"","height":""}],"twitter_card":"summary_large_image","twitter_site":"@Hall_Schools","twitter_misc":{"Est. reading time":"7 minutes"},"schema":{"@context":"https:\/\/schema.org","@graph":[{"@type":"WebPage","@id":"https:\/\/www.hallco.org\/web\/using-ride-360\/","url":"https:\/\/www.hallco.org\/web\/using-ride-360\/","name":"Using Ride 360 - Hall County Schools","isPartOf":{"@id":"https:\/\/www.hallco.org\/web\/#website"},"primaryImageOfPage":{"@id":"https:\/\/www.hallco.org\/web\/using-ride-360\/#primaryimage"},"image":{"@id":"https:\/\/www.hallco.org\/web\/using-ride-360\/#primaryimage"},"thumbnailUrl":"https:\/\/www.hallco.org\/web\/wp-content\/uploads\/2024\/04\/Picture1.png","datePublished":"2021-11-11T14:14:40+00:00","dateModified":"2024-04-16T14:17:00+00:00","breadcrumb":{"@id":"https:\/\/www.hallco.org\/web\/using-ride-360\/#breadcrumb"},"inLanguage":"en-US","potentialAction":[{"@type":"ReadAction","target":["https:\/\/www.hallco.org\/web\/using-ride-360\/"]}]},{"@type":"ImageObject","inLanguage":"en-US","@id":"https:\/\/www.hallco.org\/web\/using-ride-360\/#primaryimage","url":"https:\/\/www.hallco.org\/web\/wp-content\/uploads\/2024\/04\/Picture1.png","contentUrl":"https:\/\/www.hallco.org\/web\/wp-content\/uploads\/2024\/04\/Picture1.png","width":177,"height":180},{"@type":"BreadcrumbList","@id":"https:\/\/www.hallco.org\/web\/using-ride-360\/#breadcrumb","itemListElement":[{"@type":"ListItem","position":1,"name":"Home","item":"https:\/\/www.hallco.org\/web\/homepage\/"},{"@type":"ListItem","position":2,"name":"Using Ride 360"}]},{"@type":"WebSite","@id":"https:\/\/www.hallco.org\/web\/#website","url":"https:\/\/www.hallco.org\/web\/","name":"Hall County Schools","description":"The Most Caring Place On Earth","potentialAction":[{"@type":"SearchAction","target":{"@type":"EntryPoint","urlTemplate":"https:\/\/www.hallco.org\/web\/?s={search_term_string}"},"query-input":{"@type":"PropertyValueSpecification","valueRequired":true,"valueName":"search_term_string"}}],"inLanguage":"en-US"}]}},"_links":{"self":[{"href":"https:\/\/www.hallco.org\/web\/wp-json\/wp\/v2\/pages\/24369","targetHints":{"allow":["GET"]}}],"collection":[{"href":"https:\/\/www.hallco.org\/web\/wp-json\/wp\/v2\/pages"}],"about":[{"href":"https:\/\/www.hallco.org\/web\/wp-json\/wp\/v2\/types\/page"}],"author":[{"embeddable":true,"href":"https:\/\/www.hallco.org\/web\/wp-json\/wp\/v2\/users\/8"}],"replies":[{"embeddable":true,"href":"https:\/\/www.hallco.org\/web\/wp-json\/wp\/v2\/comments?post=24369"}],"version-history":[{"count":6,"href":"https:\/\/www.hallco.org\/web\/wp-json\/wp\/v2\/pages\/24369\/revisions"}],"predecessor-version":[{"id":31354,"href":"https:\/\/www.hallco.org\/web\/wp-json\/wp\/v2\/pages\/24369\/revisions\/31354"}],"wp:attachment":[{"href":"https:\/\/www.hallco.org\/web\/wp-json\/wp\/v2\/media?parent=24369"}],"curies":[{"name":"wp","href":"https:\/\/api.w.org\/{rel}","templated":true}]}}